{"id":6,"date":"2008-05-13T16:05:30","date_gmt":"2008-05-13T13:05:30","guid":{"rendered":"http:\/\/www.askolankokoomus.fi\/?page_id=6"},"modified":"2026-03-25T23:31:18","modified_gmt":"2026-03-25T21:31:18","slug":"hallitus-2008","status":"publish","type":"page","link":"https:\/\/www.askolankokoomus.fi\/?page_id=6","title":{"rendered":"HALLITUS"},"content":{"rendered":"<p style=\"text-align: left;\"><strong>Askolan Kokoomus ry:n hallitus vuonna 2026<\/strong><\/p>\n<p style=\"text-align: left;\">Puheenjohtaja <b>Mikko Maukonen<\/b>, etunimi.sukunimi (\u00e4t) askola.fi<\/p>\n<p>varapuheenjohtaja <strong>Jenny Nyholm<\/strong><\/p>\n<p>sihteeri <strong>\u00c5sa Tiet\u00e4v\u00e4inen<\/strong><\/p>\n<p>vaalip\u00e4\u00e4llikk\u00f6<strong> Jouni Vilkki<em>, <\/em><\/strong>etunimi.sukunimi (\u00e4t) askola.fi<\/p>\n<p><span style=\"color: #000000;\"><b>Ari Forsberg<\/b>, etunimi.sukunimi (\u00e4t) askola.fi<\/span><\/p>\n<p><strong>Hanna-Mari Hakola-Riihisaari, <\/strong>etunimi.sukunimi (\u00e4t) askola.fi<\/p>\n<p><strong>Jarkko Inkeroinen, <\/strong>etunimi.sukunimi@askola.fi<\/p>\n<p><strong>Anne Lampinen<\/strong><\/p>\n<p><span style=\"color: #000000;\"><b>Jarkko Lehtonen<\/b><\/span><\/p>\n<p><strong>Jouko Pihlaja<\/strong><\/p>\n<p><strong>Mika V\u00e4in\u00f6l\u00e4, <\/strong>etunimi.sukunimi (\u00e4t) askola.fi<\/p>\n<p><strong>Toiminnantarkastajat:<\/strong><\/p>\n<p><strong>Ali Felin<\/strong><br \/>\n<strong>Tero Suominen<br \/>\n<\/strong><br \/>\nS\u00e4hk\u00f6postiosoitteita on muokattu roskapostiohjelmien harhauttamiseksi.<\/p>\n<p>Yhdistyksen taloudenhoidosta ja WWW-sivuista vastaa <strong>Riku Honkasalo<\/strong><\/p>\n<p>(kuvassa kuntavaalien voitontunnelmia syksylt\u00e4 2008)<a href=\"https:\/\/www.askolankokoomus.fi\/?attachment_id=2614\" rel=\"attachment wp-att-2614\"><br \/>\n<img loading=\"lazy\" decoding=\"async\" class=\"alignleft size-large wp-image-2614\" src=\"https:\/\/www.askolankokoomus.fi\/wp-content\/uploads\/2025\/02\/30102008412-1024x768.jpg\" alt=\"\" width=\"640\" height=\"480\" srcset=\"https:\/\/www.askolankokoomus.fi\/wp-content\/uploads\/2025\/02\/30102008412-1024x768.jpg 1024w, https:\/\/www.askolankokoomus.fi\/wp-content\/uploads\/2025\/02\/30102008412-300x225.jpg 300w, https:\/\/www.askolankokoomus.fi\/wp-content\/uploads\/2025\/02\/30102008412-768x576.jpg 768w, https:\/\/www.askolankokoomus.fi\/wp-content\/uploads\/2025\/02\/30102008412-1536x1152.jpg 1536w, https:\/\/www.askolankokoomus.fi\/wp-content\/uploads\/2025\/02\/30102008412.jpg 2048w\" sizes=\"auto, (max-width: 640px) 100vw, 640px\" \/><\/a><\/p>\n<p>&nbsp;<\/p>\n<hr \/>\n","protected":false},"excerpt":{"rendered":"<p>Askolan Kokoomus ry:n hallitus vuonna 2026 Puheenjohtaja Mikko Maukonen, etunimi.sukunimi (\u00e4t) askola.fi varapuheenjohtaja Jenny Nyholm sihteeri \u00c5sa Tiet\u00e4v\u00e4inen vaalip\u00e4\u00e4llikk\u00f6 Jouni Vilkki, etunimi.sukunimi (\u00e4t) askola.fi Ari Forsberg, etunimi.sukunimi (\u00e4t) askola.fi Hanna-Mari Hakola-Riihisaari, etunimi.sukunimi (\u00e4t) askola.fi Jarkko Inkeroinen, etunimi.sukunimi@askola.fi Anne Lampinen Jarkko &hellip; <a href=\"https:\/\/www.askolankokoomus.fi\/?page_id=6\">Lue loppuun <span class=\"meta-nav\">&rarr;<\/span><\/a><\/p>\n","protected":false},"author":1,"featured_media":0,"parent":0,"menu_order":4,"comment_status":"open","ping_status":"open","template":"","meta":{"footnotes":""},"class_list":["post-6","page","type-page","status-publish","hentry"],"_links":{"self":[{"href":"https:\/\/www.askolankokoomus.fi\/index.php?rest_route=\/wp\/v2\/pages\/6","targetHints":{"allow":["GET"]}}],"collection":[{"href":"https:\/\/www.askolankokoomus.fi\/index.php?rest_route=\/wp\/v2\/pages"}],"about":[{"href":"https:\/\/www.askolankokoomus.fi\/index.php?rest_route=\/wp\/v2\/types\/page"}],"author":[{"embeddable":true,"href":"https:\/\/www.askolankokoomus.fi\/index.php?rest_route=\/wp\/v2\/users\/1"}],"replies":[{"embeddable":true,"href":"https:\/\/www.askolankokoomus.fi\/index.php?rest_route=%2Fwp%2Fv2%2Fcomments&post=6"}],"version-history":[{"count":42,"href":"https:\/\/www.askolankokoomus.fi\/index.php?rest_route=\/wp\/v2\/pages\/6\/revisions"}],"predecessor-version":[{"id":3215,"href":"https:\/\/www.askolankokoomus.fi\/index.php?rest_route=\/wp\/v2\/pages\/6\/revisions\/3215"}],"wp:attachment":[{"href":"https:\/\/www.askolankokoomus.fi\/index.php?rest_route=%2Fwp%2Fv2%2Fmedia&parent=6"}],"curies":[{"name":"wp","href":"https:\/\/api.w.org\/{rel}","templated":true}]}}