{"id":2853,"date":"2025-03-05T22:42:14","date_gmt":"2025-03-05T20:42:14","guid":{"rendered":"https:\/\/www.askolankokoomus.fi\/?page_id=2853"},"modified":"2025-03-13T18:15:26","modified_gmt":"2025-03-13T16:15:26","slug":"nro-xx-anne-lampinen","status":"publish","type":"page","link":"https:\/\/www.askolankokoomus.fi\/?page_id=2853","title":{"rendered":"Nro 38 &#8211; Anne Lampinen"},"content":{"rendered":"<div><a href=\"https:\/\/www.askolankokoomus.fi\/?attachment_id=2854\" rel=\"attachment wp-att-2854\"><img loading=\"lazy\" decoding=\"async\" class=\"alignleft size-medium wp-image-2854\" src=\"https:\/\/www.askolankokoomus.fi\/wp-content\/uploads\/2025\/03\/Anne-Lampinen-19-1-209x300.jpg\" alt=\"\" width=\"209\" height=\"300\" srcset=\"https:\/\/www.askolankokoomus.fi\/wp-content\/uploads\/2025\/03\/Anne-Lampinen-19-1-209x300.jpg 209w, https:\/\/www.askolankokoomus.fi\/wp-content\/uploads\/2025\/03\/Anne-Lampinen-19-1-714x1024.jpg 714w, https:\/\/www.askolankokoomus.fi\/wp-content\/uploads\/2025\/03\/Anne-Lampinen-19-1-768x1102.jpg 768w, https:\/\/www.askolankokoomus.fi\/wp-content\/uploads\/2025\/03\/Anne-Lampinen-19-1-1071x1536.jpg 1071w, https:\/\/www.askolankokoomus.fi\/wp-content\/uploads\/2025\/03\/Anne-Lampinen-19-1-scaled.jpg 1784w\" sizes=\"auto, (max-width: 209px) 100vw, 209px\" \/><\/a>Olen\u00a0<b>Anne Lampinen<\/b>, pitk\u00e4n linjan yritt\u00e4j\u00e4 ja aktiivinen vaikuttaja Askolassa. Olen asunut t\u00e4\u00e4ll\u00e4 jo yli 30 vuotta, ja kaikki kuusi lastani ovat syntyneet ja k\u00e4yneet koulunsa t\u00e4\u00e4ll\u00e4. Paikallisuus ja yhteis\u00f6llisyys ovat minulle t\u00e4rkeit\u00e4 arvoja, ja haluan olla mukana rakentamassa entist\u00e4 parempaa Askolaa.<\/div>\n<div>Ty\u00f6urallani olen toiminut mm. yritt\u00e4j\u00e4n\u00e4 sek\u00e4 elinkeino- ja ty\u00f6llisyysp\u00e4\u00e4llikk\u00f6n\u00e4 naapurikunnassa. Lis\u00e4ksi olen Askolassa varavaltuutettuna (ensimm\u00e4inen kauteni) ja olen saanut vaikuttaa osaaminen &amp; el\u00e4m\u00e4nlaatu -lautakunnassa, kunnanhallituksessa (vara), ymp\u00e4rist\u00f6lautakunnassa (vara) ja Porvoon ty\u00f6llisyysalueen lautakunnassa (vara). Toimin my\u00f6s Askolan edustajana\u00a0<b>Careeria Oy:n hallituksessa<\/b>\u00a0sek\u00e4\u00a0<b>Askolan Yritt\u00e4j\u00e4t ry:n varapuheenjohtajana<\/b>\u00a0jonka ominaisuudessa olen my\u00f6s elinvoimatoimikunnan j\u00e4sen.<\/div>\n<div><b>Miksi olen ehdolla?<\/b><br \/>\nHaluan tehd\u00e4 t\u00f6it\u00e4 Askolan ja sen asukkaiden hyvinvoinnin eteen. Yritt\u00e4jyyden, ty\u00f6llisyyden ja koulutuksen kehitt\u00e4minen ovat minulle t\u00e4rkeit\u00e4 teemoja. Uskon k\u00e4yt\u00e4nn\u00f6nl\u00e4heiseen p\u00e4\u00e4t\u00f6ksentekoon, jossa asukkaiden arjen tarpeet ja el\u00e4m\u00e4nlaatu ovat keski\u00f6ss\u00e4.<\/div>\n<div><b>Miksi \u00e4\u00e4nest\u00e4\u00e4 minua?<\/b><br \/>\n&#x2705;\u00a0<b>Kokemusta ja n\u00e4kemyst\u00e4<\/b>\u00a0\u2013 yritt\u00e4j\u00e4n\u00e4 ja ty\u00f6llisyysasioiden asiantuntijana tunnen elinkeinoel\u00e4m\u00e4n haasteet ja mahdollisuudet<br \/>\n&#x2705;\u00a0<b>Paikallisuuden puolustaja<\/b>\u00a0\u2013 tied\u00e4n, mit\u00e4 Askola tarvitsee nyt ja tulevaisuudessa<br \/>\n&#x2705;\u00a0<b>Aito halu vaikuttaa<\/b>\u00a0\u2013 en lupaa turhia, vaan teen t\u00f6it\u00e4 konkreettisten muutosten eteen<\/div>\n<div>&#x1f499;\u00a0Tehd\u00e4\u00e4n yhdess\u00e4 Askolasta entist\u00e4 parempi paikka el\u00e4\u00e4, opiskella, yritt\u00e4\u00e4 ja asua!<\/div>\n<div>&#x1f4e2;\u00a0<b>Seuraa ja ota yhteytt\u00e4:<\/b><br \/>\n&#x1f4cd;\u00a0<b>Facebook:<\/b>\u00a0<a id=\"v1m_7312817265356690087OWAa61ec73c-66e5-043f-497a-b47c732c6bc7\" href=\"https:\/\/www.facebook.com\/\" target=\"_blank\" rel=\"noopener noreferrer\">Anne Lampinen -poliitikko<\/a><br \/>\n&#x1f4e7;\u00a0<b>S\u00e4hk\u00f6posti:<\/b>\u00a0<a id=\"v1m_7312817265356690087OWAbb191f64-e15f-0c74-7ebf-6d9707eea9e7\" href=\"mailto:anne.lampinen@askola.fi\" rel=\"noreferrer\">anne.lampinen@askola.fi<\/a><\/div>\n","protected":false},"excerpt":{"rendered":"<p>Olen\u00a0Anne Lampinen, pitk\u00e4n linjan yritt\u00e4j\u00e4 ja aktiivinen vaikuttaja Askolassa. Olen asunut t\u00e4\u00e4ll\u00e4 jo yli 30 vuotta, ja kaikki kuusi lastani ovat syntyneet ja k\u00e4yneet koulunsa t\u00e4\u00e4ll\u00e4. Paikallisuus ja yhteis\u00f6llisyys ovat minulle t\u00e4rkeit\u00e4 arvoja, ja haluan olla mukana rakentamassa entist\u00e4 parempaa &hellip; <a href=\"https:\/\/www.askolankokoomus.fi\/?page_id=2853\">Lue loppuun <span class=\"meta-nav\">&rarr;<\/span><\/a><\/p>\n","protected":false},"author":1,"featured_media":0,"parent":2640,"menu_order":0,"comment_status":"closed","ping_status":"closed","template":"","meta":{"footnotes":""},"class_list":["post-2853","page","type-page","status-publish","hentry"],"_links":{"self":[{"href":"https:\/\/www.askolankokoomus.fi\/index.php?rest_route=\/wp\/v2\/pages\/2853","targetHints":{"allow":["GET"]}}],"collection":[{"href":"https:\/\/www.askolankokoomus.fi\/index.php?rest_route=\/wp\/v2\/pages"}],"about":[{"href":"https:\/\/www.askolankokoomus.fi\/index.php?rest_route=\/wp\/v2\/types\/page"}],"author":[{"embeddable":true,"href":"https:\/\/www.askolankokoomus.fi\/index.php?rest_route=\/wp\/v2\/users\/1"}],"replies":[{"embeddable":true,"href":"https:\/\/www.askolankokoomus.fi\/index.php?rest_route=%2Fwp%2Fv2%2Fcomments&post=2853"}],"version-history":[{"count":3,"href":"https:\/\/www.askolankokoomus.fi\/index.php?rest_route=\/wp\/v2\/pages\/2853\/revisions"}],"predecessor-version":[{"id":2959,"href":"https:\/\/www.askolankokoomus.fi\/index.php?rest_route=\/wp\/v2\/pages\/2853\/revisions\/2959"}],"up":[{"embeddable":true,"href":"https:\/\/www.askolankokoomus.fi\/index.php?rest_route=\/wp\/v2\/pages\/2640"}],"wp:attachment":[{"href":"https:\/\/www.askolankokoomus.fi\/index.php?rest_route=%2Fwp%2Fv2%2Fmedia&parent=2853"}],"curies":[{"name":"wp","href":"https:\/\/api.w.org\/{rel}","templated":true}]}}