{"id":2834,"date":"2025-03-05T22:21:17","date_gmt":"2025-03-05T20:21:17","guid":{"rendered":"https:\/\/www.askolankokoomus.fi\/?page_id=2834"},"modified":"2025-03-13T18:22:59","modified_gmt":"2025-03-13T16:22:59","slug":"nro-xx-asa-tietavainen","status":"publish","type":"page","link":"https:\/\/www.askolankokoomus.fi\/?page_id=2834","title":{"rendered":"Nro 51 &#8211; \u00c5sa Tiet\u00e4v\u00e4inen"},"content":{"rendered":"<p><strong><a href=\"https:\/\/www.askolankokoomus.fi\/?attachment_id=2832\" rel=\"attachment wp-att-2832\"><img loading=\"lazy\" decoding=\"async\" class=\"alignleft size-medium wp-image-2832\" src=\"https:\/\/www.askolankokoomus.fi\/wp-content\/uploads\/2025\/03\/IMG-20250305-WA0030-210x300.jpg\" alt=\"\" width=\"210\" height=\"300\" srcset=\"https:\/\/www.askolankokoomus.fi\/wp-content\/uploads\/2025\/03\/IMG-20250305-WA0030-210x300.jpg 210w, https:\/\/www.askolankokoomus.fi\/wp-content\/uploads\/2025\/03\/IMG-20250305-WA0030-718x1024.jpg 718w, https:\/\/www.askolankokoomus.fi\/wp-content\/uploads\/2025\/03\/IMG-20250305-WA0030-768x1095.jpg 768w, https:\/\/www.askolankokoomus.fi\/wp-content\/uploads\/2025\/03\/IMG-20250305-WA0030-1077x1536.jpg 1077w, https:\/\/www.askolankokoomus.fi\/wp-content\/uploads\/2025\/03\/IMG-20250305-WA0030.jpg 1122w\" sizes=\"auto, (max-width: 210px) 100vw, 210px\" \/><\/a><\/strong><\/p>\n<p>Olen <strong>\u00c5sa Tiet\u00e4v\u00e4inen<\/strong>, ja olen kokoomuksen ehdokkaana Askolan kuntavaaleissa. Syda\u0308meni sykkii Askolalle ja sen tulevaisuudelle. N\u00e4en, etta\u0308 luonnon ainutlaatuisen kauneuden hyo\u0308dynta\u0308minen on avainasemassa kunnan vetovoimaisuuden ja elinvoimaisuuden kasvattamisessa. Tavoitteenani on luoda kunta, joka tarjoaa seka\u0308 elinvoimaisen talouden asukkailleen ja yrityksille, etta\u0308 ainutlaatuisen luontokokemuksen asukkailleen ja vierailijoilleen.<\/p>\n<p>Olen 46-vuotias valtiolla ratkaisuasiantuntijana ty\u00f6skentelev\u00e4 perheen\u00e4iti. Lapsia perheess\u00e4mme on kolme, joista kaksi on jo t\u00e4ysi-ik\u00e4isi\u00e4. Olen kotoisin Porvoosta ja olemme aviomieheni kanssa asuneet Askolan Monninkyl\u00e4ss\u00e4 jo yli 20 vuotta. Koulutukseltani olen markkinointimerkonomi ja olen lis\u00e4ksi suorittanut rahoitus- ja vakuutusalan ammattitutkinnon. Ty\u00f6ss\u00e4ni olen toiminut 28 vuotta jossa toimin my\u00f6s luottamusteht\u00e4v\u00e4ss\u00e4. Koen, ett\u00e4 koulutustaustani ja ty\u00f6kokemukseni antavat hyv\u00e4n pohjan ty\u00f6skennell\u00e4 kunnan asioiden parissa.<\/p>\n<p>Uskon, etta\u0308 luonnon ainutlaatuisuus on merkitta\u0308va\u0308 voimavara, jota voimme hyo\u0308dynta\u0308a\u0308 entista\u0308 tehokkaammin, tehd\u00e4ksemme kunnasta houkuttelevan muuttokohteen niin lapsiperheille kuin jo sen vaiheen ohittaneille. Kehitta\u0308ma\u0308lla\u0308 liikuntamahdollisuuksia, luontopolkuja, uusia ulkoilureitteja\u0308 ja muita luonnossa liikkumisen keinoja, voimme houkutella uusia asukkaita ja matkailijoita. Voimme samalla tarjota kunnan asukkaille mahdollisuuksia virkista\u0308ytya\u0308 ja parantaa hyvinvointiaan. Ta\u0308ma\u0308 voi tulevaisuudessa myo\u0308s luoda uusia tyo\u0308paikkoja matkailu- ja hyvinvointialoilla. Ehdotan esimerkiksi uusien luontopolkujen rakentamista, opasteiden parantamista ja yhteistyo\u0308ta\u0308 matkailuyritysten kanssa.<\/p>\n<p>Askolan tulee olla vetovoimainen paikka asua ja el\u00e4\u00e4. T\u00e4m\u00e4n voimme saavuttaa tarjoamalla uusia ty\u00f6paikkoja ja parantamalla palveluita kummassakin taajamissa. T\u00e4h\u00e4n tarvitaan strategista suunnittelua, jossa otetaan huomioon molempien taajamien erityispiirteet. Talouden osalta on t\u00e4rke\u00e4\u00e4 l\u00f6yt\u00e4\u00e4 kest\u00e4vi\u00e4 ratkaisuja, jotka turvaavat kunnan tulevaisuuden. T\u00e4h\u00e4n kuuluu tehokkuuden parantaminen ja uusien tulonl\u00e4hteiden etsiminen. Mielest\u00e4ni n\u00e4it\u00e4 voi olla esimerkiksi yhteisty\u00f6n tiivist\u00e4minen naapurikuntien kanssa, uusien yritysten houkutteleminen ja matkailun kehitt\u00e4minen.<\/p>\n<p>Olen helposti l\u00e4hestytt\u00e4v\u00e4 ja avoin keskustelulle.<br \/>\nA\u0308a\u0308nesta\u0308 minua, jotta voimme yhdessa\u0308 rakentaa Askolan tulevaisuutta, jossa luonnon kauneus ja elinvoimaisuus kietoutuvat\u00a0yhteen!<\/p>\n<p>&nbsp;<\/p>\n","protected":false},"excerpt":{"rendered":"<p>Olen \u00c5sa Tiet\u00e4v\u00e4inen, ja olen kokoomuksen ehdokkaana Askolan kuntavaaleissa. Syda\u0308meni sykkii Askolalle ja sen tulevaisuudelle. N\u00e4en, etta\u0308 luonnon ainutlaatuisen kauneuden hyo\u0308dynta\u0308minen on avainasemassa kunnan vetovoimaisuuden ja elinvoimaisuuden kasvattamisessa. Tavoitteenani on luoda kunta, joka tarjoaa seka\u0308 elinvoimaisen talouden asukkailleen ja yrityksille, &hellip; <a href=\"https:\/\/www.askolankokoomus.fi\/?page_id=2834\">Lue loppuun <span class=\"meta-nav\">&rarr;<\/span><\/a><\/p>\n","protected":false},"author":1,"featured_media":0,"parent":2640,"menu_order":0,"comment_status":"closed","ping_status":"closed","template":"","meta":{"footnotes":""},"class_list":["post-2834","page","type-page","status-publish","hentry"],"_links":{"self":[{"href":"https:\/\/www.askolankokoomus.fi\/index.php?rest_route=\/wp\/v2\/pages\/2834","targetHints":{"allow":["GET"]}}],"collection":[{"href":"https:\/\/www.askolankokoomus.fi\/index.php?rest_route=\/wp\/v2\/pages"}],"about":[{"href":"https:\/\/www.askolankokoomus.fi\/index.php?rest_route=\/wp\/v2\/types\/page"}],"author":[{"embeddable":true,"href":"https:\/\/www.askolankokoomus.fi\/index.php?rest_route=\/wp\/v2\/users\/1"}],"replies":[{"embeddable":true,"href":"https:\/\/www.askolankokoomus.fi\/index.php?rest_route=%2Fwp%2Fv2%2Fcomments&post=2834"}],"version-history":[{"count":4,"href":"https:\/\/www.askolankokoomus.fi\/index.php?rest_route=\/wp\/v2\/pages\/2834\/revisions"}],"predecessor-version":[{"id":2973,"href":"https:\/\/www.askolankokoomus.fi\/index.php?rest_route=\/wp\/v2\/pages\/2834\/revisions\/2973"}],"up":[{"embeddable":true,"href":"https:\/\/www.askolankokoomus.fi\/index.php?rest_route=\/wp\/v2\/pages\/2640"}],"wp:attachment":[{"href":"https:\/\/www.askolankokoomus.fi\/index.php?rest_route=%2Fwp%2Fv2%2Fmedia&parent=2834"}],"curies":[{"name":"wp","href":"https:\/\/api.w.org\/{rel}","templated":true}]}}