{"id":2778,"date":"2025-03-05T20:27:33","date_gmt":"2025-03-05T18:27:33","guid":{"rendered":"https:\/\/www.askolankokoomus.fi\/?page_id=2778"},"modified":"2025-03-30T21:56:54","modified_gmt":"2025-03-30T19:56:54","slug":"nro-xx-christian-liukkonen","status":"publish","type":"page","link":"https:\/\/www.askolankokoomus.fi\/?page_id=2778","title":{"rendered":"Nro 40 &#8211; Christian Liukkonen"},"content":{"rendered":"<p><a href=\"https:\/\/www.askolankokoomus.fi\/?attachment_id=3104\" rel=\"attachment wp-att-3104\"><img loading=\"lazy\" decoding=\"async\" class=\"alignleft size-medium wp-image-3104\" src=\"https:\/\/www.askolankokoomus.fi\/wp-content\/uploads\/2025\/03\/IMG_20250330_225508-269x300.jpg\" alt=\"\" width=\"269\" height=\"300\" srcset=\"https:\/\/www.askolankokoomus.fi\/wp-content\/uploads\/2025\/03\/IMG_20250330_225508-269x300.jpg 269w, https:\/\/www.askolankokoomus.fi\/wp-content\/uploads\/2025\/03\/IMG_20250330_225508-920x1024.jpg 920w, https:\/\/www.askolankokoomus.fi\/wp-content\/uploads\/2025\/03\/IMG_20250330_225508-768x855.jpg 768w, https:\/\/www.askolankokoomus.fi\/wp-content\/uploads\/2025\/03\/IMG_20250330_225508.jpg 1031w\" sizes=\"auto, (max-width: 269px) 100vw, 269px\" \/><\/a>Olen <strong>Christian Liukkonen<\/strong>, 18-vuotias opiskelija ja kevytyritt\u00e4j\u00e4. Askolan Monninkyl\u00e4ss\u00e4 olen asunut 12 vuotta vanhempieni ja kahden pikkuveljen kanssa. Peruskoulun k\u00e4vin osittain Monninkyl\u00e4ss\u00e4 ja osittain Askolan Kirkonkyl\u00e4ss\u00e4. Askolan yl\u00e4asteelta jatkoin opiskelua Askolan lukioon.<\/p>\n<p>Olen toiminut kevytyritt\u00e4j\u00e4n\u00e4 kaksi ja puoli vuotta Monninkyl\u00e4ss\u00e4 kuntosali Monaco Gymill\u00e4. Muuta ty\u00f6kokemusta on kertynyt entisen Askolan seurakunnan piireiss\u00e4 kolmen vuoden isostoiminnan aikana. Isostoimintaa harjoitin my\u00f6s Porvoon suomalaisessa seurakunnassa.<br \/>\nLis\u00e4ksi olen toiminut Askolan lukion mediakurssilla, jolla ty\u00f6stimme pieness\u00e4 ryhm\u00e4ss\u00e4 kunnan nuorisovaltuustolle ja Askolan lukiolle omat mainosvideot &#8211; n\u00e4m\u00e4 videot editoin alusta loppuun itse.<\/p>\n<p>Urheilu, musiikki ja kulttuuri ovat l\u00e4hell\u00e4 syd\u00e4nt\u00e4. Salibandy\u00e4 harrastin 12 vuotta, kunnes lopetin sen lukion alkaessa, sek\u00e4 olen opetellut soittamaan kitaraa itsen\u00e4isesti. Ulkona lenkkeily on etenkin Askolassa mielek\u00e4st\u00e4 l\u00e4heisen luonnon ja asuinymp\u00e4rist\u00f6n takia. Yhteis\u00f6t, jotka koostuvat kouluissa, t\u00f6iss\u00e4 ja vapaa-ajalla ovat kunnassamme ainutlaatuisia &#8211; kotoisia. T\u00e4m\u00e4n puolesta ajan nuorten ja ylip\u00e4\u00e4t\u00e4\u00e4n n\u00e4iden kotoisten yhteis\u00f6jen asioita, jotta mahdollisimman monella olisi l\u00e4mmin, kotoisa ja turvallinen tunne arjessa.<\/p>\n<p>Pyrin vaikuttamaan lapsiperheiden ja nuorten hyvinvointiin, edesauttaa yritysten ja yritt\u00e4jien mahdollisuuksia laajentaa ja t\u00e4ydent\u00e4\u00e4 itse\u00e4\u00e4n, sek\u00e4 lis\u00e4\u00e4m\u00e4\u00e4n opiskelun mahdollisuuksia paikallisten yritysten kautta.<\/p>\n","protected":false},"excerpt":{"rendered":"<p>Olen Christian Liukkonen, 18-vuotias opiskelija ja kevytyritt\u00e4j\u00e4. Askolan Monninkyl\u00e4ss\u00e4 olen asunut 12 vuotta vanhempieni ja kahden pikkuveljen kanssa. Peruskoulun k\u00e4vin osittain Monninkyl\u00e4ss\u00e4 ja osittain Askolan Kirkonkyl\u00e4ss\u00e4. Askolan yl\u00e4asteelta jatkoin opiskelua Askolan lukioon. Olen toiminut kevytyritt\u00e4j\u00e4n\u00e4 kaksi ja puoli vuotta Monninkyl\u00e4ss\u00e4 &hellip; <a href=\"https:\/\/www.askolankokoomus.fi\/?page_id=2778\">Lue loppuun <span class=\"meta-nav\">&rarr;<\/span><\/a><\/p>\n","protected":false},"author":1,"featured_media":0,"parent":2640,"menu_order":0,"comment_status":"closed","ping_status":"closed","template":"","meta":{"footnotes":""},"class_list":["post-2778","page","type-page","status-publish","hentry"],"_links":{"self":[{"href":"https:\/\/www.askolankokoomus.fi\/index.php?rest_route=\/wp\/v2\/pages\/2778","targetHints":{"allow":["GET"]}}],"collection":[{"href":"https:\/\/www.askolankokoomus.fi\/index.php?rest_route=\/wp\/v2\/pages"}],"about":[{"href":"https:\/\/www.askolankokoomus.fi\/index.php?rest_route=\/wp\/v2\/types\/page"}],"author":[{"embeddable":true,"href":"https:\/\/www.askolankokoomus.fi\/index.php?rest_route=\/wp\/v2\/users\/1"}],"replies":[{"embeddable":true,"href":"https:\/\/www.askolankokoomus.fi\/index.php?rest_route=%2Fwp%2Fv2%2Fcomments&post=2778"}],"version-history":[{"count":4,"href":"https:\/\/www.askolankokoomus.fi\/index.php?rest_route=\/wp\/v2\/pages\/2778\/revisions"}],"predecessor-version":[{"id":3105,"href":"https:\/\/www.askolankokoomus.fi\/index.php?rest_route=\/wp\/v2\/pages\/2778\/revisions\/3105"}],"up":[{"embeddable":true,"href":"https:\/\/www.askolankokoomus.fi\/index.php?rest_route=\/wp\/v2\/pages\/2640"}],"wp:attachment":[{"href":"https:\/\/www.askolankokoomus.fi\/index.php?rest_route=%2Fwp%2Fv2%2Fmedia&parent=2778"}],"curies":[{"name":"wp","href":"https:\/\/api.w.org\/{rel}","templated":true}]}}