{"id":2640,"date":"2025-02-04T01:41:07","date_gmt":"2025-02-03T22:41:07","guid":{"rendered":"https:\/\/www.askolankokoomus.fi\/?page_id=2640"},"modified":"2026-03-25T23:45:26","modified_gmt":"2026-03-25T21:45:26","slug":"kunta-ja-aluevaalit-13-4-2025","status":"publish","type":"page","link":"https:\/\/www.askolankokoomus.fi\/?page_id=2640","title":{"rendered":"KUNTA- ja ALUEVAALIT 13.4.2025"},"content":{"rendered":"<p style=\"text-align: left;\"><strong><a href=\"https:\/\/www.askolankokoomus.fi\/?attachment_id=3133\" rel=\"attachment wp-att-3133\"><img loading=\"lazy\" decoding=\"async\" class=\"alignleft size-large wp-image-3133\" src=\"https:\/\/www.askolankokoomus.fi\/wp-content\/uploads\/2025\/03\/Screenshot_2025-04-09-15-34-32-033_com.adobe_.reader-713x1024.jpg\" alt=\"\" width=\"640\" height=\"919\" srcset=\"https:\/\/www.askolankokoomus.fi\/wp-content\/uploads\/2025\/03\/Screenshot_2025-04-09-15-34-32-033_com.adobe_.reader-713x1024.jpg 713w, https:\/\/www.askolankokoomus.fi\/wp-content\/uploads\/2025\/03\/Screenshot_2025-04-09-15-34-32-033_com.adobe_.reader-209x300.jpg 209w, https:\/\/www.askolankokoomus.fi\/wp-content\/uploads\/2025\/03\/Screenshot_2025-04-09-15-34-32-033_com.adobe_.reader-768x1102.jpg 768w, https:\/\/www.askolankokoomus.fi\/wp-content\/uploads\/2025\/03\/Screenshot_2025-04-09-15-34-32-033_com.adobe_.reader-1070x1536.jpg 1070w, https:\/\/www.askolankokoomus.fi\/wp-content\/uploads\/2025\/03\/Screenshot_2025-04-09-15-34-32-033_com.adobe_.reader.jpg 1080w\" sizes=\"auto, (max-width: 640px) 100vw, 640px\" \/><\/a>Kunta- ja aluevaalit j\u00e4rjestettiin 13.4.2025. T\u00e4m\u00e4 sivu on tarkoituksellisesti j\u00e4tetty n\u00e4kyviin my\u00f6s vaalien j\u00e4lkeen, jotta kuntalaiset voisivat tarkistaa mit\u00e4 vaalien alla lupasimme.<\/strong><\/p>\n<p><a href=\"https:\/\/www.askolankokoomus.fi\/wp-content\/uploads\/2025\/03\/WEB_ASKO_sanomat_A4_4s.pdf\">ASKOLAN KOKOOMUKSEN VAALIESITE &#8221;ASKOLAN SANOMAT&#8221; (PDF).<\/a><\/p>\n<p>Askolan Kokoomus on nimennyt kuntavaaleihin enn\u00e4tykselliset 24 ehdokasta:<br \/>\n<strong><a href=\"https:\/\/www.askolankokoomus.fi\/?page_id=2844\">Ali Felin (32)<\/a>, <\/strong><strong><a href=\"https:\/\/www.askolankokoomus.fi\/?page_id=2785\">Ari Forsberg (33)<\/a>, <\/strong><strong><a href=\"https:\/\/www.askolankokoomus.fi\/?page_id=2802\">Hanna-Mari Hakola-Riihisaari (34)<\/a>, <\/strong><strong><a href=\"https:\/\/www.askolankokoomus.fi\/?page_id=1793\">Riku Honkasalo (35)<\/a>, <a href=\"https:\/\/www.askolankokoomus.fi\/?page_id=2792\">Jarkko Inkeroinen (36)<\/a>, <\/strong><strong><a href=\"https:\/\/www.askolankokoomus.fi\/?page_id=2738\">Taija K\u00e4m\u00e4r\u00e4inen (37)<\/a>, <a href=\"https:\/\/www.askolankokoomus.fi\/?page_id=2853\">Anne Lampinen (38)<\/a>, <a href=\"https:\/\/www.askolankokoomus.fi\/?page_id=2805\">Jarkko Lehtonen (39)<\/a>, <\/strong><strong><a href=\"https:\/\/www.askolankokoomus.fi\/?page_id=2778\">Christian Liukkonen (40)<\/a>, <\/strong><strong><a href=\"https:\/\/www.askolankokoomus.fi\/?page_id=2740\">Maria Mastokangas (41)<\/a>, <a href=\"https:\/\/www.askolankokoomus.fi\/?page_id=2846\">Mikko Maukonen (42)<\/a>, <a href=\"https:\/\/www.askolankokoomus.fi\/?page_id=2851\">Tiitus Maukonen (43)<\/a>, <a href=\"https:\/\/www.askolankokoomus.fi\/?page_id=1798\">Mia Myllys (44)<\/a>, <\/strong><strong><a href=\"https:\/\/www.askolankokoomus.fi\/?page_id=2774\">Aarne M\u00e4\u00e4tt\u00e4 (45)<\/a>, <a href=\"https:\/\/www.askolankokoomus.fi\/?page_id=2730\">Jenny Nyholm (46)<\/a>, <a href=\"https:\/\/www.askolankokoomus.fi\/?page_id=2859\">Jouko Pihlaja (47)<\/a>, <a href=\"https:\/\/www.askolankokoomus.fi\/?page_id=2736\">Visajaani Salonen (48)<\/a>, <a href=\"https:\/\/www.askolankokoomus.fi\/?page_id=1821\">Tero Suominen (49)<\/a>, <a href=\"https:\/\/www.askolankokoomus.fi\/?page_id=2783\">Ville Suominen (50)<\/a>, <\/strong><strong><a href=\"https:\/\/www.askolankokoomus.fi\/?page_id=2834\">\u00c5sa Tiet\u00e4v\u00e4inen (51)<\/a>, <\/strong><strong><a href=\"https:\/\/www.askolankokoomus.fi\/?page_id=2799\">Kari Tuovinen (52)<\/a>, <a href=\"https:\/\/www.askolankokoomus.fi\/?page_id=2848\">Jouni Vilkki (53)<\/a>, <\/strong><strong><a href=\"https:\/\/www.askolankokoomus.fi\/?page_id=2836\">Kimmo Virtanen (54)<\/a> ja <\/strong><strong><a href=\"https:\/\/www.askolankokoomus.fi\/?page_id=2857\">Mika V\u00e4in\u00f6l\u00e4 (55)<\/a>.<br \/>\n<\/strong><\/p>\n<p>Ehdokkaiksemme on siis\u00a0 lupautunut erinomainen joukko askolalaisia ymp\u00e4ri kuntaa ja erilaisista taustoista. Yll\u00e4 olevista linkist\u00e4 saatte lis\u00e4tietoja kyseisest\u00e4 ehdokkaasta ja h\u00e4nen tavoitteistaan. Yhteiset vaalitavoitteemme voitte katsoa yll\u00e4 mainitusta Askolan Sanomista (jaettu kuntaan 2.4.25 tai <a href=\"https:\/\/www.askolankokoomus.fi\/?page_id=2920\">t\u00e4st\u00e4 osoitteesta.<\/a><\/p>\n<p>Ehdokasm\u00e4\u00e4r\u00e4mme on siis kasvanut vuoden 2021 vaaleista, joissa Kokoomus nousi ensimm\u00e4ist\u00e4 kertaa Askolan suurimmaksi puolueeksi. Kokoomus on osallistunut Askolassa kaikkiin j\u00e4rjestettyihin kuntavaaleihin eli vuodesta 1918 alkaen, joten 103 vuoden yritt\u00e4minen lopulta palkittiin. T\u00e4st\u00e4kin syyst\u00e4 olemme halunneet toteuttaa tinkim\u00e4tt\u00f6m\u00e4sti kunnan suurimpana puolueena \u00e4\u00e4nest\u00e4jille antamiamme lupauksia kotikuntamme kehitt\u00e4miseksi. Olemme saaneet kunnan uutena johtavana poliittisena voimana paljon aikaan, mutta ty\u00f6mme on t\u00e4ss\u00e4 suhteessa vasta aluillaan. Kuntavaaleissa 13.4.2025 voitte vaikuttaa siihen, jatketaanko Askolassa uudella nousu-uralla, vai suunnataanko kenties jonnekin vanhaan tai per\u00e4ti arvaamattomaan.<\/p>\n<p>Samaan aikaa k\u00e4yt\u00e4viin aluevaaleihin (violetti \u00e4\u00e4nestyslipuke) Askolan Kokoomus on asettanut seuraavat ehdokkaat: <strong><a href=\"https:\/\/www.askolankokoomus.fi\/?page_id=1793\">Riku Honkasalo (2027)<\/a>, <a href=\"https:\/\/www.askolankokoomus.fi\/?page_id=2846\">Mikko Maukonen (2047)<\/a>, <a href=\"https:\/\/www.askolankokoomus.fi\/?page_id=1798\">Mia Myllys (2049) <\/a><\/strong>ja<a href=\"https:\/\/www.askolankokoomus.fi\/?page_id=1821\"><strong> Tero Suominen (2064)<\/strong><\/a>.<\/p>\n<p><a href=\"https:\/\/www.askolankokoomus.fi\/?attachment_id=3013\" rel=\"attachment wp-att-3013\"><img loading=\"lazy\" decoding=\"async\" class=\"alignleft size-large wp-image-3013\" src=\"https:\/\/www.askolankokoomus.fi\/wp-content\/uploads\/2025\/03\/IMG-20250313-WA0010-1024x1024.jpg\" alt=\"\" width=\"640\" height=\"640\" srcset=\"https:\/\/www.askolankokoomus.fi\/wp-content\/uploads\/2025\/03\/IMG-20250313-WA0010-1024x1024.jpg 1024w, https:\/\/www.askolankokoomus.fi\/wp-content\/uploads\/2025\/03\/IMG-20250313-WA0010-300x300.jpg 300w, https:\/\/www.askolankokoomus.fi\/wp-content\/uploads\/2025\/03\/IMG-20250313-WA0010-150x150.jpg 150w, https:\/\/www.askolankokoomus.fi\/wp-content\/uploads\/2025\/03\/IMG-20250313-WA0010-768x768.jpg 768w, https:\/\/www.askolankokoomus.fi\/wp-content\/uploads\/2025\/03\/IMG-20250313-WA0010.jpg 1080w\" sizes=\"auto, (max-width: 640px) 100vw, 640px\" \/><\/a><\/p>\n<p>Kokoomus oli Askolassa selv\u00e4sti suurin puolue tammikuussa 2022 j\u00e4rjestetyiss\u00e4 ensimm\u00e4isiss\u00e4 It\u00e4-Uudenmaan hyvinvointialueen aluevaaleissa. <a href=\"https:\/\/www.askolankokoomus.fi\/?page_id=1793\"><strong>Riku Honkasalo<\/strong><\/a> ja <a href=\"https:\/\/www.askolankokoomus.fi\/?page_id=1821\"><strong>Tero Suominen<\/strong><\/a> tulivat valituiksi aluevaltuutetuiksi, ja Riku my\u00f6s ensimm\u00e4isen aluehallituksen varapuheenjohtajaksi. Tero puolestaan valittiin t\u00e4rke\u00e4\u00e4n palveluiden j\u00e4rjest\u00e4misen lautakuntaan. <a href=\"https:\/\/www.askolankokoomus.fi\/?page_id=1798\"><strong>Mia Myllys<\/strong><\/a> nousi varapaikalta aluevaltuuston varsinaiseksi j\u00e4seneksi, ja Mia on my\u00f6s hyvinvointialueen tarkastuslautakunnan puheenjohtaja. Askolan Kokoomuksen edustus Kokoomuksen valtuustoryhm\u00e4ss\u00e4 on siis ollut merkitt\u00e4v\u00e4. T\u00e4m\u00e4 konkreettisesti n\u00e4kyi esimerkiksi siin\u00e4, miten M\u00e4ntyrinteen palvelukeskuksen lakkautus saatiin joulukuussa 2024 peruutetuksi. Hyv\u00e4ll\u00e4 syyll\u00e4 voi sanoa askolalaisten saaneen Kokoomuksen ryhm\u00e4ss\u00e4 t\u00e4rkeit\u00e4 luottamuspaikkoja, ja my\u00f6s menestyneen niiss\u00e4 hyvin.<\/p>\n<p>Iloksemme kaikki istuvat aluevaltuutettumme eli Riku, Mia ja Tero ovat ehdokkaina my\u00f6s 13.4.2025 k\u00e4yt\u00e4viss\u00e4 aluevaaleissa. Uutena ehdokkaana on siis Askolan Kokoomuksen puheenjohtaja <a href=\"https:\/\/www.askolankokoomus.fi\/?page_id=2846\"><strong>Mikko Maukonen<\/strong><\/a>, joka on my\u00f6s Askolan kunnanvaltuuston varapuheenjohtaja, Kokoomuksen valtuustoryhm\u00e4n puheenjohtaja sek\u00e4 Uudenmaan Kokoomuksen piirihallituksen j\u00e4sen.<\/p>\n<p>Ennen kaikkea &#8211; muistakaa \u00e4\u00e4nest\u00e4\u00e4! Tietoa varsinaisen vaalip\u00e4iv\u00e4n \u00e4\u00e4nest\u00e4misest\u00e4 sek\u00e4 l\u00f6ytyy <a href=\"https:\/\/askola.fi\/kunta-ja-paatoksenteko\/vaalit-ja-aanestaminen\/\">Askolan kunnan sivulta.<\/a><\/p>\n","protected":false},"excerpt":{"rendered":"<p>Kunta- ja aluevaalit j\u00e4rjestettiin 13.4.2025. T\u00e4m\u00e4 sivu on tarkoituksellisesti j\u00e4tetty n\u00e4kyviin my\u00f6s vaalien j\u00e4lkeen, jotta kuntalaiset voisivat tarkistaa mit\u00e4 vaalien alla lupasimme. ASKOLAN KOKOOMUKSEN VAALIESITE &#8221;ASKOLAN SANOMAT&#8221; (PDF). Askolan Kokoomus on nimennyt kuntavaaleihin enn\u00e4tykselliset 24 ehdokasta: Ali Felin (32), Ari &hellip; <a href=\"https:\/\/www.askolankokoomus.fi\/?page_id=2640\">Lue loppuun <span class=\"meta-nav\">&rarr;<\/span><\/a><\/p>\n","protected":false},"author":1,"featured_media":0,"parent":0,"menu_order":6,"comment_status":"closed","ping_status":"closed","template":"","meta":{"footnotes":""},"class_list":["post-2640","page","type-page","status-publish","hentry"],"_links":{"self":[{"href":"https:\/\/www.askolankokoomus.fi\/index.php?rest_route=\/wp\/v2\/pages\/2640","targetHints":{"allow":["GET"]}}],"collection":[{"href":"https:\/\/www.askolankokoomus.fi\/index.php?rest_route=\/wp\/v2\/pages"}],"about":[{"href":"https:\/\/www.askolankokoomus.fi\/index.php?rest_route=\/wp\/v2\/types\/page"}],"author":[{"embeddable":true,"href":"https:\/\/www.askolankokoomus.fi\/index.php?rest_route=\/wp\/v2\/users\/1"}],"replies":[{"embeddable":true,"href":"https:\/\/www.askolankokoomus.fi\/index.php?rest_route=%2Fwp%2Fv2%2Fcomments&post=2640"}],"version-history":[{"count":52,"href":"https:\/\/www.askolankokoomus.fi\/index.php?rest_route=\/wp\/v2\/pages\/2640\/revisions"}],"predecessor-version":[{"id":3218,"href":"https:\/\/www.askolankokoomus.fi\/index.php?rest_route=\/wp\/v2\/pages\/2640\/revisions\/3218"}],"wp:attachment":[{"href":"https:\/\/www.askolankokoomus.fi\/index.php?rest_route=%2Fwp%2Fv2%2Fmedia&parent=2640"}],"curies":[{"name":"wp","href":"https:\/\/api.w.org\/{rel}","templated":true}]}}

<p style="text-align: left;"><strong><a href="https://www.askolankokoomus.fi/?attachment_id=3133" rel="attachment wp-att-3133"><img loading="lazy" decoding="async" class="alignleft size-large wp-image-3133" src="https://www.askolankokoomus.fi/wp-content/uploads/2025/03/Screenshot_2025-04-09-15-34-32-033_com.adobe_.reader-713x1024.jpg" alt="" width="640" height="919" srcset="https://www.askolankokoomus.fi/wp-content/uploads/2025/03/Screenshot_2025-04-09-15-34-32-033_com.adobe_.reader-713x1024.jpg 713w, https://www.askolankokoomus.fi/wp-content/uploads/2025/03/Screenshot_2025-04-09-15-34-32-033_com.adobe_.reader-209x300.jpg 209w, https://www.askolankokoomus.fi/wp-content/uploads/2025/03/Screenshot_2025-04-09-15-34-32-033_com.adobe_.reader-768x1102.jpg 768w, https://www.askolankokoomus.fi/wp-content/uploads/2025/03/Screenshot_2025-04-09-15-34-32-033_com.adobe_.reader-1070x1536.jpg 1070w, https://www.askolankokoomus.fi/wp-content/uploads/2025/03/Screenshot_2025-04-09-15-34-32-033_com.adobe_.reader.jpg 1080w" sizes="auto, (max-width: 640px) 100vw, 640px" /></a>Kunta- ja aluevaalit järjestettiin 13.4.2025. Tämä sivu on tarkoituksellisesti jätetty näkyviin myös vaalien jälkeen, jotta kuntalaiset voisivat tarkistaa mitä vaalien alla lupasimme.</strong></p>
<p><a href="https://www.askolankokoomus.fi/wp-content/uploads/2025/03/WEB_ASKO_sanomat_A4_4s.pdf">ASKOLAN KOKOOMUKSEN VAALIESITE &#8221;ASKOLAN SANOMAT&#8221; (PDF).</a></p>
<p>Askolan Kokoomus on nimennyt kuntavaaleihin ennätykselliset 24 ehdokasta:<br />
<strong><a href="https://www.askolankokoomus.fi/?page_id=2844">Ali Felin (32)</a>, </strong><strong><a href="https://www.askolankokoomus.fi/?page_id=2785">Ari Forsberg (33)</a>, </strong><strong><a href="https://www.askolankokoomus.fi/?page_id=2802">Hanna-Mari Hakola-Riihisaari (34)</a>, </strong><strong><a href="https://www.askolankokoomus.fi/?page_id=1793">Riku Honkasalo (35)</a>, <a href="https://www.askolankokoomus.fi/?page_id=2792">Jarkko Inkeroinen (36)</a>, </strong><strong><a href="https://www.askolankokoomus.fi/?page_id=2738">Taija Kämäräinen (37)</a>, <a href="https://www.askolankokoomus.fi/?page_id=2853">Anne Lampinen (38)</a>, <a href="https://www.askolankokoomus.fi/?page_id=2805">Jarkko Lehtonen (39)</a>, </strong><strong><a href="https://www.askolankokoomus.fi/?page_id=2778">Christian Liukkonen (40)</a>, </strong><strong><a href="https://www.askolankokoomus.fi/?page_id=2740">Maria Mastokangas (41)</a>, <a href="https://www.askolankokoomus.fi/?page_id=2846">Mikko Maukonen (42)</a>, <a href="https://www.askolankokoomus.fi/?page_id=2851">Tiitus Maukonen (43)</a>, <a href="https://www.askolankokoomus.fi/?page_id=1798">Mia Myllys (44)</a>, </strong><strong><a href="https://www.askolankokoomus.fi/?page_id=2774">Aarne Määttä (45)</a>, <a href="https://www.askolankokoomus.fi/?page_id=2730">Jenny Nyholm (46)</a>, <a href="https://www.askolankokoomus.fi/?page_id=2859">Jouko Pihlaja (47)</a>, <a href="https://www.askolankokoomus.fi/?page_id=2736">Visajaani Salonen (48)</a>, <a href="https://www.askolankokoomus.fi/?page_id=1821">Tero Suominen (49)</a>, <a href="https://www.askolankokoomus.fi/?page_id=2783">Ville Suominen (50)</a>, </strong><strong><a href="https://www.askolankokoomus.fi/?page_id=2834">Åsa Tietäväinen (51)</a>, </strong><strong><a href="https://www.askolankokoomus.fi/?page_id=2799">Kari Tuovinen (52)</a>, <a href="https://www.askolankokoomus.fi/?page_id=2848">Jouni Vilkki (53)</a>, </strong><strong><a href="https://www.askolankokoomus.fi/?page_id=2836">Kimmo Virtanen (54)</a> ja </strong><strong><a href="https://www.askolankokoomus.fi/?page_id=2857">Mika Väinölä (55)</a>.<br />
</strong></p>
<p>Ehdokkaiksemme on siis  lupautunut erinomainen joukko askolalaisia ympäri kuntaa ja erilaisista taustoista. Yllä olevista linkistä saatte lisätietoja kyseisestä ehdokkaasta ja hänen tavoitteistaan. Yhteiset vaalitavoitteemme voitte katsoa yllä mainitusta Askolan Sanomista (jaettu kuntaan 2.4.25 tai <a href="https://www.askolankokoomus.fi/?page_id=2920">tästä osoitteesta.</a></p>
<p>Ehdokasmäärämme on siis kasvanut vuoden 2021 vaaleista, joissa Kokoomus nousi ensimmäistä kertaa Askolan suurimmaksi puolueeksi. Kokoomus on osallistunut Askolassa kaikkiin järjestettyihin kuntavaaleihin eli vuodesta 1918 alkaen, joten 103 vuoden yrittäminen lopulta palkittiin. Tästäkin syystä olemme halunneet toteuttaa tinkimättömästi kunnan suurimpana puolueena äänestäjille antamiamme lupauksia kotikuntamme kehittämiseksi. Olemme saaneet kunnan uutena johtavana poliittisena voimana paljon aikaan, mutta työmme on tässä suhteessa vasta aluillaan. Kuntavaaleissa 13.4.2025 voitte vaikuttaa siihen, jatketaanko Askolassa uudella nousu-uralla, vai suunnataanko kenties jonnekin vanhaan tai peräti arvaamattomaan.</p>
<p>Samaan aikaa käytäviin aluevaaleihin (violetti äänestyslipuke) Askolan Kokoomus on asettanut seuraavat ehdokkaat: <strong><a href="https://www.askolankokoomus.fi/?page_id=1793">Riku Honkasalo (2027)</a>, <a href="https://www.askolankokoomus.fi/?page_id=2846">Mikko Maukonen (2047)</a>, <a href="https://www.askolankokoomus.fi/?page_id=1798">Mia Myllys (2049) </a></strong>ja<a href="https://www.askolankokoomus.fi/?page_id=1821"><strong> Tero Suominen (2064)</strong></a>.</p>
<p><a href="https://www.askolankokoomus.fi/?attachment_id=3013" rel="attachment wp-att-3013"><img loading="lazy" decoding="async" class="alignleft size-large wp-image-3013" src="https://www.askolankokoomus.fi/wp-content/uploads/2025/03/IMG-20250313-WA0010-1024x1024.jpg" alt="" width="640" height="640" srcset="https://www.askolankokoomus.fi/wp-content/uploads/2025/03/IMG-20250313-WA0010-1024x1024.jpg 1024w, https://www.askolankokoomus.fi/wp-content/uploads/2025/03/IMG-20250313-WA0010-300x300.jpg 300w, https://www.askolankokoomus.fi/wp-content/uploads/2025/03/IMG-20250313-WA0010-150x150.jpg 150w, https://www.askolankokoomus.fi/wp-content/uploads/2025/03/IMG-20250313-WA0010-768x768.jpg 768w, https://www.askolankokoomus.fi/wp-content/uploads/2025/03/IMG-20250313-WA0010.jpg 1080w" sizes="auto, (max-width: 640px) 100vw, 640px" /></a></p>
<p>Kokoomus oli Askolassa selvästi suurin puolue tammikuussa 2022 järjestetyissä ensimmäisissä Itä-Uudenmaan hyvinvointialueen aluevaaleissa. <a href="https://www.askolankokoomus.fi/?page_id=1793"><strong>Riku Honkasalo</strong></a> ja <a href="https://www.askolankokoomus.fi/?page_id=1821"><strong>Tero Suominen</strong></a> tulivat valituiksi aluevaltuutetuiksi, ja Riku myös ensimmäisen aluehallituksen varapuheenjohtajaksi. Tero puolestaan valittiin tärkeään palveluiden järjestämisen lautakuntaan. <a href="https://www.askolankokoomus.fi/?page_id=1798"><strong>Mia Myllys</strong></a> nousi varapaikalta aluevaltuuston varsinaiseksi jäseneksi, ja Mia on myös hyvinvointialueen tarkastuslautakunnan puheenjohtaja. Askolan Kokoomuksen edustus Kokoomuksen valtuustoryhmässä on siis ollut merkittävä. Tämä konkreettisesti näkyi esimerkiksi siinä, miten Mäntyrinteen palvelukeskuksen lakkautus saatiin joulukuussa 2024 peruutetuksi. Hyvällä syyllä voi sanoa askolalaisten saaneen Kokoomuksen ryhmässä tärkeitä luottamuspaikkoja, ja myös menestyneen niissä hyvin.</p>
<p>Iloksemme kaikki istuvat aluevaltuutettumme eli Riku, Mia ja Tero ovat ehdokkaina myös 13.4.2025 käytävissä aluevaaleissa. Uutena ehdokkaana on siis Askolan Kokoomuksen puheenjohtaja <a href="https://www.askolankokoomus.fi/?page_id=2846"><strong>Mikko Maukonen</strong></a>, joka on myös Askolan kunnanvaltuuston varapuheenjohtaja, Kokoomuksen valtuustoryhmän puheenjohtaja sekä Uudenmaan Kokoomuksen piirihallituksen jäsen.</p>
<p>Ennen kaikkea &#8211; muistakaa äänestää! Tietoa varsinaisen vaalipäivän äänestämisestä sekä löytyy <a href="https://askola.fi/kunta-ja-paatoksenteko/vaalit-ja-aanestaminen/">Askolan kunnan sivulta.</a></p>

<p>Kunta- ja aluevaalit järjestettiin 13.4.2025. Tämä sivu on tarkoituksellisesti jätetty näkyviin myös vaalien jälkeen, jotta kuntalaiset voisivat tarkistaa mitä vaalien alla lupasimme. ASKOLAN KOKOOMUKSEN VAALIESITE &#8221;ASKOLAN SANOMAT&#8221; (PDF). Askolan Kokoomus on nimennyt kuntavaaleihin ennätykselliset 24 ehdokasta: Ali Felin (32), Ari &hellip; <a href="https://www.askolankokoomus.fi/?page_id=2640">Lue loppuun <span class="meta-nav">&rarr;</span></a></p>
