{"id":10,"date":"2009-01-15T20:30:41","date_gmt":"2009-01-15T17:30:41","guid":{"rendered":"http:\/\/www.askolankokoomus.fi\/?page_id=10"},"modified":"2025-06-05T17:17:46","modified_gmt":"2025-06-05T15:17:46","slug":"kokoomuksen-luottamushenkilot-askolassa","status":"publish","type":"page","link":"https:\/\/www.askolankokoomus.fi\/?page_id=10","title":{"rendered":"LUOTTAMUSHENKIL\u00d6T"},"content":{"rendered":"<p><strong>It\u00e4-Uudenmaan hyvinvointialue:<\/strong><\/p>\n<p><strong><a href=\"https:\/\/www.askolankokoomus.fi\/?attachment_id=1929\" rel=\"attachment wp-att-1929\"><img loading=\"lazy\" decoding=\"async\" class=\"alignleft wp-image-1929\" src=\"https:\/\/www.askolankokoomus.fi\/wp-content\/uploads\/2021\/03\/riku-honkasaloVALITTU-150x150.jpg\" alt=\"\" width=\"87\" height=\"87\" \/><\/a><\/strong><\/p>\n<p><strong>Riku Honkasalo<\/strong>, aluevaltuutettu, aluehallituksen j\u00e4sen<\/p>\n<p>&nbsp;<\/p>\n<p><strong><br \/>\n<a href=\"https:\/\/www.askolankokoomus.fi\/?attachment_id=1699\" rel=\"attachment wp-att-1699\"><img loading=\"lazy\" decoding=\"async\" class=\"alignleft wp-image-1699\" src=\"https:\/\/www.askolankokoomus.fi\/wp-content\/uploads\/2021\/02\/tero-suominen-5-150x150.jpg\" alt=\"\" width=\"84\" height=\"84\" \/><\/a>Tero Suominen<\/strong>, aluevaltuutettu, palvelujen j\u00e4rjest\u00e4minen -lautakunnan j\u00e4sen<\/p>\n<p>&nbsp;<\/p>\n<p><a href=\"https:\/\/www.askolankokoomus.fi\/?attachment_id=1657\" rel=\"attachment wp-att-1657\"><img loading=\"lazy\" decoding=\"async\" class=\"alignleft wp-image-1657\" src=\"https:\/\/www.askolankokoomus.fi\/wp-content\/uploads\/2021\/02\/mia-myllys-4-150x150.jpg\" alt=\"\" width=\"85\" height=\"85\" \/><\/a><strong>Mia Myllys<\/strong>, aluevaalilautakunnan varapuheenjohtaja<\/p>\n<p>&nbsp;<\/p>\n<p>&nbsp;<\/p>\n<p><strong>Askolan Kokoomuksen kunnalliset luottamushenkil\u00f6t 2025-2029<\/strong><\/p>\n<p><strong><span style=\"color: #000000;\">Kunnanvaltuuston puheenjohtajisto:<br \/>\n<\/span><\/strong><strong><span style=\"color: #000000;\">Jouni Vilkki, <\/span><\/strong><span style=\"color: #000000;\">1. varapuheenjohtaja<\/span><\/p>\n<p><strong>Kunnanvaltuutetut:<br \/>\n<\/strong><strong>Hanna-Mari Hakola-Riihisaari<br \/>\n<\/strong><strong>Riku Honkasalo<\/strong>, valtuustoryhm\u00e4n puheenjohtaja, valtuustoryhmien puheenjohtajien neuvottelukunnan puheenjohtaja<strong><br \/>\n<\/strong><strong>Jarkko Inkeroinen<br \/>\n<\/strong><strong>Taija K\u00e4m\u00e4r\u00e4inen<\/strong>, valtuustoryhm\u00e4n 1. varapuheenjohtaja<strong><br \/>\n<\/strong><strong>Mikko Maukonen<br \/>\n<\/strong><strong>Mia Myllys<br \/>\n<\/strong><strong>Tero Suominen<br \/>\n<\/strong><strong>Jouni Vilkki<br \/>\n<\/strong><strong>Mika V\u00e4in\u00f6l\u00e4<\/strong>, valtuustoryhm\u00e4n 2. varapuheenjohtaja<\/p>\n<p><strong>Varavaltuutetut: I Aarne M\u00e4\u00e4tt\u00e4 II Jarkko Lehtonen IV \u00c5sa Tiet\u00e4v\u00e4inen<br \/>\nV Ari Forsberg VI Jouko Pihlaja VII Maria Mastokangas IX Jenny Nyholm<br \/>\n<\/strong>(varavaltuutettuina my\u00f6s vaaliliitossa olleita kristillisdemokraatteja)<\/p>\n<p><strong><span style=\"color: #000000;\">Kunnanvaltuuston vaalilautakunta:<br \/>\n<\/span><\/strong><strong><span style=\"color: #000000;\">Jarkko Inkeroinen<\/span><\/strong><span style=\"color: #000000;\">, puheenjohtaja <\/span><strong><span style=\"color: #000000;\">(varaj\u00e4sen Hanna-Mari Hakola-Riihisaari)<\/span><\/strong><\/p>\n<p><strong><span style=\"color: #000000;\">Tarkastuslautakunta:<br \/>\n<\/span><\/strong><strong><span style=\"color: #000000;\">Mia Myllys,<\/span><\/strong><span style=\"color: #000000;\"> varapuheenjohtaja<\/span><span style=\"color: #000000;\">, varaj\u00e4sen <\/span><strong><span style=\"color: #000000;\">Visajaani Salonen<br \/>\n<\/span><\/strong><strong><span style=\"color: #000000;\">\u00c5sa Tiet\u00e4v\u00e4inen<\/span><\/strong><span style=\"color: #000000;\">, varaj\u00e4sen<\/span><strong><span style=\"color: #000000;\"> Raimo Haasanen <\/span><\/strong><span style=\"color: #000000;\">(KD)<\/span><\/p>\n<p><strong><span style=\"color: #000000;\">Kunnanhallitus 2025-27:<br \/>\n<\/span><\/strong><strong><span style=\"color: #000000;\">Tero Suominen<\/span><\/strong><span style=\"color: #000000;\">, puheenjohtaja <\/span><span style=\"color: #000000;\">(varaj\u00e4sen<\/span><strong><span style=\"color: #000000;\"> Jarkko Inkeroinen<\/span><\/strong><span style=\"color: #000000;\">)<br \/>\n<\/span><strong><span style=\"color: #000000;\">Mikko Maukonen <\/span><\/strong><span style=\"color: #000000;\">(varaj\u00e4sen<\/span><strong><span style=\"color: #000000;\"> Mika V\u00e4in\u00f6l\u00e4<\/span><\/strong><span style=\"color: #000000;\">)<\/span><strong><span style=\"color: #000000;\"><br \/>\n<\/span><\/strong><strong><span style=\"color: #000000;\">Taija K\u00e4m\u00e4r\u00e4inen <\/span><\/strong><span style=\"color: #000000;\">(varaj\u00e4sen<\/span><strong><span style=\"color: #000000;\"> Hanna-Mari Hakola-Riihisaari<\/span><\/strong><span style=\"color: #000000;\">)<\/span><\/p>\n<p><strong><span style=\"color: #000000;\">Keskusvaalilautakunta:<br \/>\n<\/span><\/strong><strong><span style=\"color: #000000;\">Ali Felin<\/span><\/strong><span style=\"color: #000000;\">, puheenjohtaja<br \/>\n<\/span><strong><span style=\"color: #000000;\">5. varaj\u00e4sen Ville Suominen<\/span><\/strong><\/p>\n<p><strong><span style=\"color: #000000;\">Osaaminen ja el\u00e4m\u00e4nlaatu -lautakunta:<br \/>\n<\/span><\/strong><strong><span style=\"color: #000000;\">Mika V\u00e4in\u00f6l\u00e4, puheenjohtaja <\/span><\/strong><span style=\"color: #000000;\">(varaj\u00e4sen<\/span><strong><span style=\"color: #000000;\"> Christian Liukkonen<\/span><\/strong><span style=\"color: #000000;\">)<br \/>\n<\/span><strong><span style=\"color: #000000;\">Aarne M\u00e4\u00e4tt\u00e4 <\/span><\/strong><span style=\"color: #000000;\">(varaj\u00e4sen<\/span><strong><span style=\"color: #000000;\"> Jenny Nyholm<\/span><\/strong><span style=\"color: #000000;\">)<br \/>\n<\/span><strong><span style=\"color: #000000;\">Mia Myllys <\/span><\/strong><span style=\"color: #000000;\">(varaj\u00e4sen<\/span><strong><span style=\"color: #000000;\"> Maria Mastokangas<\/span><\/strong><span style=\"color: #000000;\">)<\/span><\/p>\n<p><strong><span style=\"color: #000000;\">Elinymp\u00e4rist\u00f6lautakunta:<br \/>\n<\/span><\/strong><strong><span style=\"color: #000000;\">J<\/span><\/strong><strong><span style=\"color: #000000;\">arkko Inkeroinen, varapuheenjohtaja <\/span><\/strong><span style=\"color: #000000;\">(varaj\u00e4sen <\/span><strong><span style=\"color: #000000;\">Tiitus Maukonen<\/span><\/strong><span style=\"color: #000000;\">)<br \/>\n<\/span><strong><span style=\"color: #000000;\">Jarkko Lehtonen <\/span><\/strong><span style=\"color: #000000;\">(varaj\u00e4sen <\/span><strong><span style=\"color: #000000;\">Ritva Haasanen <\/span><\/strong><span style=\"color: #000000;\">KD)<br \/>\n<\/span><strong><span style=\"color: #000000;\">Hanna-Mari Hakola-Riihisaari <\/span><\/strong><span style=\"color: #000000;\">(varaj\u00e4sen<\/span><strong><span style=\"color: #000000;\"> Jenny Nyholm<\/span><\/strong><span style=\"color: #000000;\">)<\/span><\/p>\n<p><strong><span style=\"color: #000000;\">K\u00e4r\u00e4j\u00e4oikeuden lautamiehet:<br \/>\n<\/span><\/strong><strong><span style=\"color: #000000;\">Mikko Maukonen<\/span><\/strong><\/p>\n<p><strong><span style=\"color: #000000;\">Kiinteist\u00f6toimitusten uskottujen miehet:<br \/>\n<\/span><\/strong><strong><span style=\"color: #000000;\">Ali Felin, Jarkko Lehtonen ja Maria Mastokangas<\/span><\/strong><\/p>\n<p>LISTA T\u00c4YDENTYY LIS\u00c4VALINTOJEN MY\u00d6T\u00c4<\/p>\n<p>***<\/p>\n<p><strong>EDELLINEN KAUSI<\/strong><\/p>\n<p><strong>Askolan Kokoomuksen kunnalliset luottamushenkil\u00f6t 2021-25<\/strong><\/p>\n<p>Kunnanvaltuutetut:<br \/>\n<strong>Riku Honkasalo<\/strong><br \/>\n<strong>Ari Forsberg<br \/>\nJarkko Inkeroinen<\/strong><br \/>\n<strong>Jarkko Jalonen<\/strong><br \/>\n<strong>Mikko Maukonen, <\/strong>kunnanvaltuuston 1. varapuheenjohtaja, valtuustoryhm\u00e4n puheenjohtaja<br \/>\n<strong>Mia Myllys<\/strong>, kunnanvaltuuston vaalilautakunnan varaj\u00e4sen<br \/>\n<strong>Jouko Pihlaja<\/strong><br \/>\n<strong>Tero Suominen<\/strong><br \/>\n<strong>Jouni Vilkki<\/strong>, valtuustoryhm\u00e4n varapuheenjohtaja<\/p>\n<p>Varavaltuutetut:<br \/>\n<strong>III Anne Lampinen<\/strong><br \/>\n<strong>V Timo-Ilkka Tolonen<\/strong><br \/>\n<strong>VI Heli H\u00e4m\u00e4l\u00e4inen<br \/>\nVII Ali Felin<br \/>\nVIII Paula P\u00e4\u00e4l\u00e4inen<br \/>\nIX Ville Pakarinen<br \/>\n<\/strong>(varavaltuutettuina my\u00f6s vaaliliitossa olleita kristilllisdemokraatteja)<\/p>\n<p>Kunnanhallitus 2023-25:<br \/>\n<strong>Riku Honkasalo<\/strong>, puheenjohtaja (varaj\u00e4sen <strong>Jarkko Inkeroinen<\/strong>)<br \/>\n<strong>Tero Suominen<\/strong>\u00a0(varaj\u00e4sen <strong>Jouko Pihlaja<\/strong>)<br \/>\n<strong>Mia Myllys<\/strong> (varaj\u00e4sen <strong>Anne Lampinen<\/strong>)<\/p>\n<p>Tarkastuslautakunta<br \/>\n<strong>Ari Forsberg<\/strong>, puheenjohtaja (varaj\u00e4sen <strong>Ali Felin<\/strong>)<\/p>\n<p>Keskusvaalilautakunta<br \/>\n<strong>Ali Felin<\/strong>, j\u00e4sen (1. varaj\u00e4sen <strong>Kari Tuovinen<\/strong>)<\/p>\n<p>Elinymp\u00e4rist\u00f6lautakunta 2023-2025<b><br \/>\n<\/b>2. varapuheenjohtaja <strong>Jouko Pihlaja <\/strong>(varaj\u00e4sen <span style=\"color: #000000;\"><b>Aarne M\u00e4\u00e4tt\u00e4<\/b><\/span>)<strong><br \/>\n<\/strong><strong>Jarkko Inkeroinen <\/strong>(varaj\u00e4sen<strong> Timo-Ilkka Tolonen<\/strong>)<br \/>\n<strong>Taija K\u00e4m\u00e4r\u00e4inen, <\/strong>varaj\u00e4sen<br \/>\n<strong>Heli H\u00e4m\u00e4l\u00e4inen<\/strong>, varaj\u00e4sen<\/p>\n<p>Osaaminen ja el\u00e4m\u00e4nlaatu -lautakunta 2021-2025<strong><br \/>\n<\/strong>Puheenjohtaja <strong>Jouni Vilkki <\/strong>(varaj\u00e4sen <strong>Kari Tuovinen<\/strong>)<br \/>\n<strong>Jarkko Jalonen <\/strong>(varaj\u00e4sen <strong>Aarne M\u00e4\u00e4tt\u00e4<\/strong>)<br \/>\n<strong>Anne Lampinen <\/strong>(varaj\u00e4sen <strong>Nina Huurinainen<\/strong>)<\/p>\n<p><strong>Rakennus- ja ymp\u00e4rist\u00f6jaosto 2023-2025<\/strong><\/p>\n<p>Varapuheenjohtaja<br \/>\nAskolan kunnan edustaja<br \/>\n<b>Timo-Ilkka Tolonen <\/b>(varalla<b> Jarkko Lehtonen<\/b>)<\/p>\n<p>Elinkeinotoimikunta<br \/>\n<strong>Ari Forsberg<\/strong>, puheenjohtaja (varaj\u00e4sen <strong>Mia Myllys<\/strong>)<\/p>\n<p>Kuntap\u00e4ivien edustajat 2021-23<br \/>\n<strong>Tero Suominen<\/strong><\/p>\n<p>K\u00e4r\u00e4j\u00e4oikeuden lautamies<br \/>\n<strong>Mikko Maukonen<\/strong><\/p>\n<p>Kiinteist\u00f6toimitusten uskotut miehet<br \/>\n<strong>Ali Felin<\/strong><br \/>\n<span style=\"color: #000000;\"><b>Jarkko Lehtonen<\/b><\/span><\/p>\n<p>Uudenmaan Maakuntavaltuuston liittokokous<br \/>\n<strong>Ari Forsberg<\/strong> (varalla <strong>Anne Lampinen)<\/strong><\/p>\n<p>Porvoon ymp\u00e4rist\u00f6terveysjaos<br \/>\n<strong>Anne Lampinen<\/strong>, varaj\u00e4sen<\/p>\n<p>Askolan Puhti Oy, hallitus<strong><br \/>\n<\/strong><strong>Jarkko Inkeroinen<\/strong><\/p>\n<p>Careeria Oy<br \/>\n<strong>Anne Lampinen<\/strong>, hallituksen j\u00e4sen<\/p>\n<p>HUS:in l\u00e4hipalvelu- ja integraatiolautakunta<br \/>\n<strong>Riku Honkasalo<\/strong>, j\u00e4sen (It\u00e4-Uudenmaan hyvinvointialueen edustaja)<\/p>\n<p>Uudenmaan Kokoomus ry.<br \/>\n<strong>Mikko Maukonen<\/strong>, piirihallituksen j\u00e4sen<\/p>\n<p><em>Huom! Listauksessa mainitut henkil\u00f6t eiv\u00e4t kaikki ole Askolan Kokoomuksen tai Kansallinen Kokoomus rp:n j\u00e4seni\u00e4.<\/em><\/p>\n<p>***<br \/>\nVuoden 2022 loppuun ty\u00f6ns\u00e4 lopettaneet lautakunnat:<\/p>\n<p>Perusturvalautakunta<br \/>\n<strong>Jarkko Jalonen<\/strong>, varapuheenjohtaja (varaj\u00e4sen <strong>Nina Huurinainen<\/strong>)<br \/>\n<strong>Anne Lampinen<\/strong> (varaj\u00e4sen <strong>Heli H\u00e4m\u00e4l\u00e4inen<\/strong>)<\/p>\n<p>Sivistyslautakunta<br \/>\n<strong>Jouni Vilkki<\/strong>, puheenjohtaja<br \/>\n<strong>Saku V\u00e4\u00e4t\u00e4nen<\/strong> (varaj\u00e4sen <strong>Jesse Kiili<\/strong>)<\/p>\n<p>Tekninen lautakunta<br \/>\n<strong>Jouko Pihlaja<\/strong>, varapuheenjohtaja (varaj\u00e4sen <strong>Arttu Virkkunen<\/strong>)<br \/>\n<strong>Jarkko Inkeroinen<\/strong> (varaj\u00e4sen <strong>Timo-Ilkka Tolonen<\/strong>)<br \/>\n<strong>Irina Salojoki<\/strong> (varaj\u00e4sen <strong>Anne Lampinen<\/strong>)<\/p>\n<p>Rakennus- ja ymp\u00e4rist\u00f6lautakunta<br \/>\n<strong>Matti Pelander<\/strong>, varapuheenjohtaja (varaj\u00e4sen <strong>Timo-Ilkka Tolonen<\/strong>)<\/p>\n<p>HUS Porvoon sairaanhoitoalueen lautakunta<br \/>\n<strong>Riku Honkasalo<\/strong> (varalla <strong>Heli H\u00e4m\u00e4l\u00e4inen<\/strong>)<\/p>\n<p>Helsingin ja Uudenmaan sairaanhoitopiirin valtuusto<br \/>\n<strong>Riku Honkasalo<\/strong>, j\u00e4sen (varalla <strong>Tero Suominen<\/strong>)<\/p>\n<p>***<br \/>\n<strong>P\u00e4\u00e4ttyneen kauden 2017-21 tietoja:<\/strong><\/p>\n<p>Kunnanvaltuutetut<br \/>\n<strong>Ali Felin<br \/>\nAri Forsberg<\/strong>, kunnanvaltuuston 2. varapuheenjohtaja<br \/>\n<strong>Heli H\u00e4m\u00e4l\u00e4inen<br \/>\n<\/strong><strong>Mikko Maukonen<\/strong><br \/>\n<strong>Antti Ollila<\/strong><br \/>\n<strong>Jouko Pihlaja<\/strong>, valtuustoryhm\u00e4n varapuheenjohtaja<br \/>\n<strong>Tero Suominen<\/strong><br \/>\n<strong>Jouni Vilkki<\/strong>, valtuustoryhm\u00e4n puheenjohtaja<strong><br \/>\n<\/strong><\/p>\n<p>Kunnanvaltuuston vaalilautakunta<br \/>\n<strong>Jouni Vilkki<\/strong>, varapuheenjohtaja<br \/>\n<strong>Antti Ollila<\/strong>, varaj\u00e4sen<\/p>\n<p>Varavaltuutetut<br \/>\n<strong>III Tiina Inkil\u00e4<br \/>\nVI Irina Salojoki<br \/>\n<\/strong>(Vaaliliitossa varavaltuutettuina my\u00f6s kristillisdemokraatteja)<\/p>\n<p>Kunnanhallitus<br \/>\n<strong>Tero Suominen<\/strong>, puheenjohtaja (varaj\u00e4sen <strong>Antti Ollila<\/strong>)<br \/>\n<strong>Mikko Maukonen<\/strong>, j\u00e4sen<\/p>\n<p>Tarkastuslautakunta<br \/>\n<span style=\"color: #000000;\"><b>Mia Myllys<\/b><\/span>, j\u00e4sen (varalla <strong>Heikki Ellil\u00e4<\/strong>)<\/p>\n<p>Keskusvaalilautakunta<br \/>\n<strong>Ali Felin<\/strong>, varapuheenjohtaja<\/p>\n<p>Perusturvalautakunta<br \/>\n<strong>Mikko Maukonen<\/strong>, j\u00e4sen<br \/>\n<strong>Heli H\u00e4m\u00e4l\u00e4inen<\/strong>, j\u00e4sen (varalla <strong>Irina Salojoki<\/strong>)<\/p>\n<p>Sivistyslautakunta<br \/>\n<strong>Jouni Vilkki<\/strong>, puheenjohtaja<br \/>\n<strong>Ali Felin<\/strong>, j\u00e4sen (varalla <span style=\"color: #000000;\"><b>Jouko Pihlaja<\/b><\/span>)<\/p>\n<p>Tekninen lautakunta<br \/>\n<span style=\"color: #000000;\"><b>Jouko Pihlaja<\/b><\/span>, varapuheenjohtaja (varalla <strong>Tiina Inkil\u00e4<\/strong>)<br \/>\n<span style=\"color: #000000;\"><b>Irina Salojoki<\/b><\/span>, j\u00e4sen<\/p>\n<p>Rakennus- ja ymp\u00e4rist\u00f6lautakunta<br \/>\n<strong>Irina Salojoki<\/strong>, j\u00e4sen (varalla <strong>Ali Felin<\/strong>)<\/p>\n<p>Kuntap\u00e4ivien edustajat<br \/>\n<strong>Jari Vettenranta<\/strong><\/p>\n<p>It\u00e4-Uudenmaan ajoharjoittelus\u00e4\u00e4ti\u00f6n edustajisto<br \/>\n<strong>Jouko Pihlaja<\/strong><\/p>\n<p>It\u00e4-Uudenmaan k\u00e4r\u00e4j\u00e4oikeuden lautamiehet<br \/>\n<strong>Mikko Maukonen<\/strong><\/p>\n<p>Kiinteist\u00f6toimitusten uskotut miehet<br \/>\n<strong>Ali Felin<\/strong><br \/>\n<strong>Jouko Pihlaja<\/strong><br \/>\n<strong>Irina Salojoki<\/strong><\/p>\n<p>It\u00e4-Uudenmaan j\u00e4telautakunta<br \/>\n<strong>Ali Felin<\/strong>, j\u00e4sen<br \/>\n<strong>Irina Salojoki<\/strong>, varaj\u00e4sen<\/p>\n<p>Askolan vuokrataloyhti\u00f6iden hallitus<br \/>\n<strong>Irina Salojoki<\/strong><\/p>\n<p>Lis\u00e4ksi Askolan Kokoomuksen j\u00e4seni\u00e4 istuu muissakin luottamusteht\u00e4viss\u00e4 seuraavasti:<\/p>\n<p>Uudenmaan liiton valtuusto<br \/>\n<strong>Jari Vettenranta<\/strong><\/p>\n<p>HUS:in Porvoon sairaanhoitoalueen lautakunta<br \/>\n<strong>Heli H\u00e4m\u00e4l\u00e4inen<\/strong>, j\u00e4sen<br \/>\n<strong>Jouni Vilkki<\/strong>, varaj\u00e4sen<\/p>\n<p>***<\/p>\n<p><strong>VAALIKAUDEN 2013-17 TIETOJA:<\/strong><\/p>\n<p>Kunnanvaltuutetut (31.5.2017 asti)<br \/>\n<strong>Riku Honkasalo, <\/strong>kunnanvaltuuston puheenjohtaja 2013-16<br \/>\n<strong>Heli H\u00e4m\u00e4l\u00e4inen<br \/>\nAntti Ollila, <\/strong>kunnanvaltuuston puheenjohtaja 2016-17<strong><br \/>\n<\/strong><strong>Saga Simelius-Nieminen<\/strong><br \/>\n<strong>Tero Suominen<\/strong><br \/>\n<strong>Jari Vettenranta<\/strong>, valtuustoryhm\u00e4n puheenjohtaja<br \/>\n<strong>Jouni Vilkki<\/strong><\/p>\n<p>Varavaltuutetut<br \/>\n<strong>I Olli-Pekka Heikkil\u00e4<\/strong><br \/>\n<strong>II Heikki Ellil\u00e4<\/strong><br \/>\n<strong>III Tuula Illberg<\/strong><br \/>\n<strong>IV Virpi Vilkki<\/strong><br \/>\n<strong>V Tiina Inkil\u00e4<\/strong><br \/>\n<strong>VI Heikki Viljanen<\/strong><\/p>\n<p>It\u00e4-Uudenmaan kuntaliitosselvityksen ohjausryhm\u00e4 (2013-2015)<br \/>\n<strong>Riku Honkasalo<\/strong>, j\u00e4sen<\/p>\n<p>Kokoomuksen puoluevaltuusto 2014-16<br \/>\n<strong>Riku Honkasalo<\/strong>, j\u00e4sen<strong><br \/>\n<\/strong><\/p>\n","protected":false},"excerpt":{"rendered":"<p>It\u00e4-Uudenmaan hyvinvointialue: Riku Honkasalo, aluevaltuutettu, aluehallituksen j\u00e4sen &nbsp; Tero Suominen, aluevaltuutettu, palvelujen j\u00e4rjest\u00e4minen -lautakunnan j\u00e4sen &nbsp; Mia Myllys, aluevaalilautakunnan varapuheenjohtaja &nbsp; &nbsp; Askolan Kokoomuksen kunnalliset luottamushenkil\u00f6t 2025-2029 Kunnanvaltuuston puheenjohtajisto: Jouni Vilkki, 1. varapuheenjohtaja Kunnanvaltuutetut: Hanna-Mari Hakola-Riihisaari Riku Honkasalo, valtuustoryhm\u00e4n puheenjohtaja, &hellip; <a href=\"https:\/\/www.askolankokoomus.fi\/?page_id=10\">Lue loppuun <span class=\"meta-nav\">&rarr;<\/span><\/a><\/p>\n","protected":false},"author":1,"featured_media":0,"parent":0,"menu_order":1,"comment_status":"open","ping_status":"open","template":"","meta":{"footnotes":""},"class_list":["post-10","page","type-page","status-publish","hentry"],"_links":{"self":[{"href":"https:\/\/www.askolankokoomus.fi\/index.php?rest_route=\/wp\/v2\/pages\/10","targetHints":{"allow":["GET"]}}],"collection":[{"href":"https:\/\/www.askolankokoomus.fi\/index.php?rest_route=\/wp\/v2\/pages"}],"about":[{"href":"https:\/\/www.askolankokoomus.fi\/index.php?rest_route=\/wp\/v2\/types\/page"}],"author":[{"embeddable":true,"href":"https:\/\/www.askolankokoomus.fi\/index.php?rest_route=\/wp\/v2\/users\/1"}],"replies":[{"embeddable":true,"href":"https:\/\/www.askolankokoomus.fi\/index.php?rest_route=%2Fwp%2Fv2%2Fcomments&post=10"}],"version-history":[{"count":68,"href":"https:\/\/www.askolankokoomus.fi\/index.php?rest_route=\/wp\/v2\/pages\/10\/revisions"}],"predecessor-version":[{"id":3190,"href":"https:\/\/www.askolankokoomus.fi\/index.php?rest_route=\/wp\/v2\/pages\/10\/revisions\/3190"}],"wp:attachment":[{"href":"https:\/\/www.askolankokoomus.fi\/index.php?rest_route=%2Fwp%2Fv2%2Fmedia&parent=10"}],"curies":[{"name":"wp","href":"https:\/\/api.w.org\/{rel}","templated":true}]}}